1)/6*-2 is divided by 44.
9
Suppose 5*h - 2*u = 123 + 157, 4*u = -5*h + 310. Suppose 4*f - t + 6*t = h, 2*f = 2*t + 20. What is the remainder when 21/((-84)/8)*-9 + 3 is divided by f?
9
Let k(q) = q**3 - 8*q**2 - 4*q - 12. Suppose -14 = -d - 5. What is the remainder when 263 is divided by k(d)?
32
Calculate the remainder when 352 is divided by (-42)/(-18) - 1 - (-292)/6.
2
Let c(l) = 3*l**3 + 98*l**2 - 40*l - 222. Suppose 0 = i + 4*m - 431, -3*i - 832 = -5*i - 2*m. What is the remainder when i is divided by c(-33)?
6
Let u be 0 + 394/2 + 1. Let n(f) = f + 47. What is the remainder when n(0) is divided by (-1)/(-8)*2 + u/8?
22
Let n be (27/(-12))/(5/(-20)). Suppose 0 = -u + 3*m + 63, 3*u - 2*m - 157 = -m. Calculate the remainder when u is divided by n/6 + (-132)/(-8).
15
Calculate the remainder when 308 is divided by (-33)/(35/63*21/(-35)).
11
Let y be (-9)/(-2) + (-1)/2. Suppose y*f + 12 = 0, 4*n - 5*f + 0*f = 175. Let c = 164228 + -164217. Calculate the remainder when n is divided by c.
7
Let z(t) = 588*t - 1616. What is the remainder when 205 is divided by z(3)?
57
Let z be (21/(-9))/(-1) - (-1)/(-3). Let a(d) = 2*d**2 + 2*d - z*d**2 + 3 + 3*d + d**2. Calculate the remainder when 12 is divided by a(-5).
0
Let v(p) = -141*p - 8395. What is the remainder when 1220 is divided by v(-60)?
50
Let w = 28220 - 28129. Calculate the remainder when 419 is divided by w.
55
Suppose 768 = -20*z + 2248. What is the remainder when z is divided by 38 + (-1 - -2) - 0?
35
Suppose 2*t = n - 237, -232 = 372*n - 373*n - 3*t. What is the remainder when 5637 is divided by n?
232
Suppose 191*i - 194*i = 6, 3*i - 170 = -2*v. Calculate the remainder when v is divided by 41.
6
Let m = -3 + 10. Let x(o) = o**2 + 23*o + 63. Suppose 5*c - 3*a = 0, c = a - 3 + 5. Calculate the remainder when m is divided by x(c).
1
Let r be ((-448)/(-8))/(-7)*(0 + -1). Suppose 0 = -3*s - r + 17. Calculate the remainder when 8 is divided by s.
2
Let q(o) = o**3 - 17*o**2 + 77*o + 21. Let a be q(8). Suppose -5*c + 2*c - 93 = 0. Let f = a + c. What is the remainder when f is divided by 16?
14
Suppose -8378 - 4465 = -9*h. What is the remainder when h is divided by 27?
23
Calculate the remainder when 900 is divided by (1 + -6 - 1)/(303/(-15049)).
6
Let y = -8167 - -9968. Calculate the remainder when y is divided by 179.
11
Let q(n) = n**2 + 39*n + 276. Calculate the remainder when (-83 - -1)*-1 + 0 is divided by q(-31).
26
Let b = 142 + -84. Suppose 3 - 1 = -z. What is the remainder when (b - 6) + (0 - z) + 1 is divided by 14?
13
What is the remainder when 1243 is divided by 65/3 + (-20)/12 + (-8)/2?
11
Let r = -18068 - -18170. What is the remainder when 10911 is divided by r?
99
Suppose -1864*a - 3*w = -1866*a + 245, -4*a + w + 495 = 0. Calculate the remainder when 8430 is divided by a.
122
Suppose -2*g - 250 = 3*g. Let k = 181 + g. Let o(r) = 2*r**2 + 71*r + 325. Calculate the remainder when k is divided by o(-31).
39
Let w be 2 + (-49)/(14/(-2)). Let m(k) = 3*k**2 + 4*k - 76. Calculate the remainder when m(w) is divided by 48.
11
Calculate the remainder when (-3)/(-16 + (-92742)/(-5798)) is divided by 306.
57
Let b be (14 - -1) + (1 - 1). Suppose b*m = -4*m + 3344. Calculate the remainder when m is divided by 46.
38
What is the remainder when 2037/12 + 23/92 is divided by 34?
0
Suppose 142*x - 12184 = 9*x + 2579. What is the remainder when 995 is divided by x?
107
Suppose 18 = -7*l + 39. Let q be (l - 3)/(6/(-2)) + 0. Suppose 14*r + 31 - 73 = q. What is the remainder when 10 is divided by r?
1
Let k(z) = 35*z**2 + 126*z - 45. What is the remainder when 18564 is divided by k(-4)?
7
Suppose 3*s + 4*v = 88, 101 - 1 = 3*s - 2*v. What is the remainder when 605 is divided by s?
29
Let f = 66 - 199. Let g = -69 - f. Calculate the remainder when g is divided by 8/24 - (-32)/3.
9
Suppose -34*x + 20184 = -5*x. What is the remainder when x is divided by 335?
26
Suppose -4*z - 292 = -2*p + p, 5*z + p = -356. What is the remainder when 25 is divided by (z/15)/(13/(195/(-6)))?
1
Let j(m) = m**3 + 5*m**2 + 3*m - 5. Let w be j(-4). Calculate the remainder when 31 is divided by (-275)/10*24/30*w.
9
What is the remainder when 710 is divided by 422/7 + -8 + 60/35 + 6?
50
Suppose 14 = 2*a - 10. Suppose -3*o + 5*c - 141 = -7*o, 0 = -3*o + 3*c + 72. Calculate the remainder when o is divided by a.
5
Suppose 0 = 4*d + 1026 + 102. Let a = -250 - d. Suppose -319 = -2*y + j, 0 = 3*y - 6*y + 3*j + 480. Calculate the remainder when y is divided by a.
31
Let s(c) = -42*c**2 + 56*c - 9. Suppose 3*u + 5*k = 394, k = 5*u - 0*k - 694. What is the remainder when u is divided by s(1)?
3
Let s be 117/429 - (-6)/(-22). Let w = 81 - 39. Suppose s = -5*d + 227 - w. Calculate the remainder when d is divided by 21.
16
Let a(f) = 6*f**2 - 2*f - 1. Let t(c) = 2*c**2 + 148*c - 1650. Calculate the remainder when a(-3) is divided by t(10).
29
Let t = 2340 + -1627. What is the remainder when t is divided by 14?
13
Let h = 869 + -466. Let q = h - 321. Calculate the remainder when q is divided by 18.
10
Suppose -5*q = 3*z - 2613, 2*z - 1111 = 3*q + 593. What is the remainder when z is divided by 147?
126
Suppose 0 = -k + 3, 4*k = -3*w + 6. Let l be w + 6 + 1*(-50 + -2). Let q = l + 59. What is the remainder when 64 is divided by q?
9
Let r be (57/(-8))/((-24)/32)*-2. Let d = r + 37. Let t = d - -98. Calculate the remainder when t is divided by 30.
26
Let x be (-3 - -6)/(2/46). Suppose 7 - x = -v. Calculate the remainder when v is divided by 17.
11
Let v(y) = -y**2 + 8*y - 6. Let z = 8 - 2. Suppose 4*s + 0*s - z = -3*g, g + s = 2. What is the remainder when v(6) is divided by g?
0
Suppose 4*n - 67 = -5*j - 7, -2*j = -3*n + 68. Suppose -2*l = -0*l + b - 276, -3*l + 5*b = -427. What is the remainder when l is divided by n?
19
Let t(a) = -a**2 + 6*a - 5. Suppose -40 = -5*f - 20. Let s be t(f). Let z(h) = h**2 - 3*h + 3. What is the remainder when 9 is divided by z(s)?
0
Suppose y - 5 = 0, 3*y - 38 - 22 = -n. Suppose 10*b - 5*b - n = 0. Suppose 10*c = 5*c + 255. What is the remainder when c is divided by b?
6
Calculate the remainder when (-20430)/(-84) + 18/(-84) is divided by 50.
43
Let y = 293 - 287. Let d(v) = -v**3 - 5*v**2 + 9*v - 9. Calculate the remainder when d(-7) is divided by y.
2
Suppose 4*d + 6716 = 4*x, -3*x - 3*d = 17*x - 33465. Calculate the remainder when x is divided by 39.
36
What is the remainder when 6 + 49 + (-1 - -5) is divided by ((-180)/(-162))/(-2 - 38/(-18))?
9
Suppose -306*y - 4*y = -35650. Calculate the remainder when 2061 is divided by y.
106
Let x(r) = -25*r - 262. Let g be x(-28). What is the remainder when 212 is divided by g/4*174/261?
66
Let j(w) = -w**3 + 14*w**2 - 30*w - 8. Calculate the remainder when 28 is divided by j(11).
3
Let h be -1*(-944)/16 + (2 - 9). Suppose 0 = -3*g - g + 352. Suppose -4*p + g = -h. What is the remainder when p is divided by 12?
11
Suppose 4*i - 77 = 5*v - 205, 80 = 3*v - 4*i. What is the remainder when 58 is divided by v?
10
Suppose 15*h - 10*h + 3724 = -4*i, -2*h - 3712 = 4*i. Let j = i + 929. Let m(c) = c**3 + 3. Calculate the remainder when j is divided by m(0).
0
What is the remainder when 4481/(-7 - -6)*(-21 - -16) is divided by 17?
16
Let t(g) = 3*g + 576. Calculate the remainder when t(-68) is divided by 367.
5
Suppose 0 = 4*r - 15*r - 99. Let c be (-18)/9 - (1 + r). Suppose -4*m = -2*a - 92, c*a = m + 9*a - 16. What is the remainder when 39 is divided by m?
17
Let z = 26 - -39. Let f be (-5 - -4)*(-5 - -3 - -631). What is the remainder when z is divided by 8/(-2)*f/74?
31
Suppose 136*d - 2808 = -26*d - 378. Calculate the remainder when 4480 is divided by d.
10
What is the remainder when (-3 + 130/30)/((-3)/(-1287)) is divided by 71?
4
Let n = 138 - 131. Suppose n*x + 120 = 225. Calculate the remainder when x is divided by 6.
3
Suppose -5*w + 2*w + 4*g = -37, 3*w - 41 = 2*g. Suppose 123 = w*o - 72. What is the remainder when o is divided by 7?
6
Suppose 0*o + 5*o = -3*p + 22, -3*p - 3 = 0. What is the remainder when (-2)/(-8) + 1065/60 is divided by o?
3
Let p = -423 - -425. Calculate the remainder when 100 is divided by (-3 + -90)/(p + -5).
7
Suppose -883 = -9*o + 1070. Let c = -181 + o. What is the remainder when 119 is divided by c?
11
Suppose -17 = 16*a - 97. Suppo